2*o + 39. What is the remainder when h(-18) is divided by 7?
5
Suppose 9 = 5*g - 6. Suppose g*a + 2*n - 1 - 22 = 0, -a - 9 = 4*n. What is the remainder when a is divided by 7?
4
Let z(j) = -j**3 + 26*j**2 + 24*j + 87. Calculate the remainder when z(27) is divided by 5.
1
Calculate the remainder when 20 is divided by (-15)/6*8/(-5).
0
Suppose 4*o + o + 4*v = 128, -30 = -o - 3*v. Let j(l) = -l**2 + 12*l + 2. Calculate the remainder when o is divided by j(11).
11
Suppose 68*d + 5*p = 66*d + 40, -3*p = d - 21. What is the remainder when d is divided by 10?
5
Suppose -2*d = 3*w - 60, -2*w + 3*d + 33 = -7. What is the remainder when (-36666)/(-630) - 2/10 is divided by w?
18
Suppose -65 = -8*z + 4439. Calculate the remainder when z is divided by 12.
11
Let o = -519 + 332. Let d = o + 425. Calculate the remainder when d is divided by 15.
13
Let t = -15 + 5. Let q = -7 - t. Suppose 5*a + 71 = q*l, 3*l - 46 - 45 = a. Calculate the remainder when l is divided by 17.
15
Suppose -34 = -6*u + 26. Suppose 7*t + u - 108 = 0. Calculate the remainder when 82 is divided by t.
12
Let k(t) be the second derivative of t**5/20 - 7*t**4/4 + 19*t**3/3 + 15*t**2/2 - 45*t. Calculate the remainder when 71 is divided by k(19).
11
Let o be 2865/(-33) + (-2)/11. Let d = o - -211. Suppose 3*n - d - 170 = 0. What is the remainder when n is divided by 25?
23
Let w(h) = -12*h + 5. Suppose -4*r - 16 + 120 = 0. Calculate the remainder when w(-6) is divided by r.
25
Suppose 6*s - 256 = -4*d + 2*s, s + 184 = 3*d. What is the remainder when d is divided by 19?
5
Suppose -r - 3*r + 24 = -i, -i = 2*r - 12. Suppose -2*b = 4*m - r*b - 240, b = 2*m - 122. What is the remainder when m is divided by (-94)/(-6) + 2/6?
14
Suppose -17*s + 16*s = -t - 29, -4*s = 3*t - 88. What is the remainder when 123 is divided by s?
23
Let i = -1053 - -1078. Calculate the remainder when 646 is divided by i.
21
Let w be (1*-3)/(-1*(-9)/3). Let b(k) = k**2 - k. Let m(a) = 62*a**2 - 5*a. Let s(j) = -4*b(j) + m(j). What is the remainder when s(w) is divided by 16?
11
Let v = -349 - -356. What is the remainder when 25 is divided by v?
4
Suppose -q = 3*o + 2*o - 1018, -q = 2. Calculate the remainder when o is divided by 41.
40
Let d(w) = -w**3 - 47*w**2 + 40*w + 51. What is the remainder when d(-48) is divided by 21?
15
Suppose 0 = -3*v + 8*v. Suppose 3*b - 3*w + 39 = v, -5*b + w - 36 = 9. What is the remainder when 30 is divided by b/76 - (-650)/38?
13
Let h(v) = -v**2 - 18*v - 31. Let x = 14 + 12. Calculate the remainder when x is divided by h(-15).
12
Suppose -3*d + 10*d = 28. Let n be (10/(-4))/((-2)/4). Suppose n = d*v - 55. What is the remainder when 29 is divided by v?
14
Let v(t) = -32*t**2 + 193*t + 5. Calculate the remainder when ((-32)/(-2))/(1/2) is divided by v(6).
10
Let h be ((-8281)/(-21))/(-7) + 1/3. Let k = -13 - h. Calculate the remainder when k is divided by 3.
1
Suppose -5*w = 10, 0 = -3*r + w - 8 + 4. What is the remainder when (4 + 24/(-9))*(-141)/r is divided by 49?
45
Let u = -38 - -40. Suppose -44 = -3*f - u. Calculate the remainder when f is divided by 10.
4
Suppose 4*s + p = 52, -23*p = 2*s - 21*p - 32. Suppose -2*o + 5*o - 14 = -5*v, o - 6 = -3*v. What is the remainder when s is divided by o?
0
Calculate the remainder when (-3)/5 - (-6712)/20 is divided by 63/5*370/111.
41
Let c(r) = -r**3 - 7*r**2 - 5*r + 1. Let l be c(-6). Let w(n) = 25*n + 14. Let b be w(l). Let z = 182 + b. What is the remainder when z is divided by 18?
17
Let g = 44 + -32. What is the remainder when 36 is divided by (5/2)/(3/g)?
6
Let y = -190 + 298. Calculate the remainder when y is divided by 28.
24
Let t(m) be the first derivative of -m**4/4 - 11*m**3/3 + 22*m - 6. What is the remainder when 63 is divided by t(-11)?
19
Suppose -2*q = x - 15, 4*x + 3*q = 37 + 43. Suppose 9*u - 5 = 4*u. What is the remainder when x is divided by 11 + 1 + -1 + u?
11
Let f be (-15)/12*12/3. What is the remainder when f/(75/(-1521)) + 6/(-15) is divided by 26?
23
Suppose q = 3*q - 76. Suppose -257 = -2*h + 117. What is the remainder when h is divided by q?
35
Let c(u) = -14*u - 126. What is the remainder when c(-13) is divided by 21?
14
Suppose 0 = 5*i - 5*b - 430, -b + 5*b = i - 95. What is the remainder when i is divided by 14?
13
Let u(q) = q**2 - 8*q - 5. Let r be (-594)/36*(-2)/3. Let p be u(r). Suppose 0 = -3*i - p + 169. Calculate the remainder when i is divided by 18.
11
Suppose -179 = -10*l + 231. Let n(w) = -w + 6. Let y be n(4). Suppose -y*k = -8 - 10. Calculate the remainder when l is divided by k.
5
Calculate the remainder when 129 is divided by (15*8/20 - -2) + 2.
9
What is the remainder when 638 is divided by ((-24)/18)/4*(10 - 223)?
70
Let b = 19 - 2. Let a = -462 - -522. What is the remainder when a is divided by b?
9
Let k be 2/2*-1 + 1. Let z(d) = -30 + 180 - 96 + d**3. Calculate the remainder when z(k) is divided by 14.
12
Suppose -30*d - 436 = -26*d. Let g = 129 + d. What is the remainder when 176 is divided by g?
16
Let d(z) = z**3 + 4*z**2 + 2*z + 2. Let q be d(-4). Let i be (q + 76)*54/(-5). What is the remainder when 73 is divided by i/(-30) + 1/(-5)?
23
Let x(q) = 2*q**2 - 6*q - 5. Let t be x(6). Let l = t + -19. What is the remainder when l is divided by (4 - 9/2)*-6?
0
Let m be 1/(-2) - 666/(-12). Suppose -3*l = -2*f + 40, 2*l + 2*l - f = -m. Let p = l + 18. Calculate the remainder when 5 is divided by p.
1
Suppose -4*v = 21*v - 4125. What is the remainder when 645 is divided by v?
150
What is the remainder when 6/(-1)*(-9 + (-448)/21) is divided by 23?
21
Suppose 0 = -2*d - d - 3*v + 102, d + 3*v = 30. Calculate the remainder when 315 is divided by d.
27
Suppose -3*h - 6*h + 135 = 0. Calculate the remainder when 236 is divided by h.
11
Let p = -5 + 18. Suppose 0 = -9*o + 4*o + 2*s + 31, -s = -2. Calculate the remainder when p is divided by o.
6
Let p = 154 + -85. Let x(u) = -2*u**3 + 77*u**2 - 37*u - 28. What is the remainder when p is divided by x(38)?
9
Let l = -299 + 533. Calculate the remainder when l is divided by 63.
45
Let i(c) = 47*c - 135. What is the remainder when i(5) is divided by 51?
49
Suppose -4*k + t = -148, 4*k + t - 11 - 137 = 0. Calculate the remainder when 67 is divided by k.
30
Let z = -7 - -14. Suppose -5*g + z = -8. What is the remainder when 257/3 + g/9 is divided by 22?
20
Suppose 0 = -2*x + 2*f + 44, 3*x - 10*f = -5*f + 72. Calculate the remainder when 150 is divided by x.
17
Suppose 121 = 3*u + s, 4*u - 21*s + 22*s = 163. What is the remainder when u is divided by 3 - (-1)/(-1) - -9?
9
Let y be 3/(-5) + (-3)/(-5)*41. Calculate the remainder when 1534/12 + 4/y is divided by 33.
29
Suppose 6 = -2*x + 6. Suppose x*k = -k + 55. What is the remainder when k is divided by 14?
13
Let w = 43 + -22. Suppose x = -2*x + 78. Calculate the remainder when x/(-39) + (-364)/(-6) is divided by w.
18
Let h(k) = 3*k**2 + k + 1. Let j be h(-1). Suppose -j*d = 2*d. Suppose d = -5*c + 60 + 230. Calculate the remainder when c is divided by 15.
13
Suppose 171 = 12*z - 5061. What is the remainder when z is divided by 55?
51
Suppose 3*k = -2*k - 2*d - 632, 4*k - 2*d = -502. Let q = -115 - k. What is the remainder when q is divided by 8?
3
Let g(k) = -k**3 - 8*k**2 + 3*k + 18. Let d be g(-8). Suppose 5*q = 10*q - 105. Calculate the remainder when (-8)/(-12) - 482/d is divided by q.
18
Let p be (9/6)/((-6)/(-4) + -1). Let y(s) = s - 1. Calculate the remainder when (-348)/(-21) - (p - (-72)/(-21)) is divided by y(5).
1
Suppose -22 = -209*r + 208*r. What is the remainder when 130 is divided by r?
20
Let p(c) = 36*c - 87. What is the remainder when p(17) is divided by 17?
15
Suppose 5*x = 5*n + 170, 4*n + 97 = 3*x - 0*n. What is the remainder when 63 is divided by x?
24
Suppose -25*j + 305 = -1495. Let s = -35 - -72. What is the remainder when j is divided by s?
35
Let m be 8/(-4) + 2 + 24. Suppose -2*a - m = -6*a. Suppose 3 = s - a. Calculate the remainder when 24 is divided by s.
6
Suppose j + 3 = 3*r - 1, 3*r - 3 = 0. Suppose 0 = -2*l - 6, -2*i = 3*i - 5*l - 50. What is the remainder when i is divided by -3 + 3 + (1 - j)?
1
Let i = 267 + -68. Let f = i - 112. What is the remainder when f is divided by 46?
41
Suppose 24*y - 2013 = 699. Calculate the remainder when y is divided by 33.
14
Let p(x) = 